{"id":51831,"date":"2024-04-08T14:34:25","date_gmt":"2024-04-08T12:34:25","guid":{"rendered":"http:\/\/webciudadana.net\/?page_id=51831"},"modified":"2024-04-08T14:34:25","modified_gmt":"2024-04-08T12:34:25","slug":"politica-de-privacidad","status":"publish","type":"page","link":"https:\/\/webciudadana.net\/?page_id=51831","title":{"rendered":"Pol\u00edtica de Privacidad"},"content":{"rendered":"\n<p><strong>POL\u00cdTICA DE PRIVACIDAD<\/strong><\/p>\n\n\n\n<p>Siguiendo los principios de licitud, lealtad y transparencia, ponemos a su disposici\u00f3n la presente Pol\u00edtica de Privacidad.<\/p>\n\n\n\n<h2 class=\"wp-block-heading\">\u00bfQui\u00e9n es el Responsable del tratamiento de sus datos?<\/h2>\n\n\n\n<p> Heredia 3G S.A <\/p>\n\n\n\n<p>DOMICILIO SOCIAL: PASEO DE LA CASTELLANA, 210, 28046, MADRID<\/p>\n\n\n\n<p>Email:&nbsp;<a href=\"mailto:protecciondedatos@europapress.es\">protecciondedatos@europapress.es<\/a><\/p>\n\n\n\n<p>Tel\u00e9fono: +34 91 359 26 00<\/p>\n\n\n\n<h2 class=\"wp-block-heading\">\u00bfCon qu\u00e9 finalidad tratamos sus datos personales?<\/h2>\n\n\n\n<p>En  Heredia 3G S.A  tratamos la informaci\u00f3n que nos facilita con las siguientes finalidades:<\/p>\n\n\n\n<p>Gestionar el env\u00edo del bolet\u00edn de noticias diario para informarle de los hechos m\u00e1s relevantes de cada d\u00eda.<\/p>\n\n\n\n<p>Gestionar la relaci\u00f3n contractual que nos une con nuestros abonados<\/p>\n\n\n\n<p>Analizar la navegaci\u00f3n para mejorar los servicios y ofrecer informaci\u00f3n sobre productos y servicios que puedan resultar de su inter\u00e9s.<\/p>\n\n\n\n<h2 class=\"wp-block-heading\">\u00bfPor cu\u00e1nto tiempo conservaremos sus datos personales?<\/h2>\n\n\n\n<p>Sus datos, ser\u00e1n conservados el tiempo m\u00ednimo necesario para la correcta prestaci\u00f3n de&nbsp; los servicios ofrecidos as\u00ed como para atender las responsabilidades que se pudieran derivar de los mismo y de cualquier otra exigencia legal.<\/p>\n\n\n\n<h2 class=\"wp-block-heading\">\u00bfCu\u00e1l es la legitimaci\u00f3n para el tratamiento de sus datos?<\/h2>\n\n\n\n<p>La base legal para el tratamiento de sus datos personales puede ser la ejecuci\u00f3n de una relaci\u00f3n contractual potencial y\/o suscrita si se abona a nuestros servicios, el inter\u00e9s leg\u00edtimo, o el consentimiento del propio interesado al aceptar el env\u00edo de informaci\u00f3n en los formularios de contacto. Los datos que le solicitamos son adecuados, pertinentes y estrictamente necesarios y en ning\u00fan caso est\u00e1 obligado a facilit\u00e1rnoslos, pero su no comunicaci\u00f3n podr\u00e1 afectar a la finalidad del servicio o la imposibilidad de prestarlo.<\/p>\n\n\n\n<h2 class=\"wp-block-heading\">\u00bfA qu\u00e9 destinatarios se comunicar\u00e1n sus datos?<\/h2>\n\n\n\n<p> Heredia 3G S.A  no comunicar\u00e1 sus datos a ning\u00fan tercero, salvo consentimiento expreso e informado por parte de los interesados.<\/p>\n\n\n\n<h2 class=\"wp-block-heading\">\u00bfCu\u00e1les son sus derechos cuando nos facilita sus datos?<\/h2>\n\n\n\n<p>Los derechos de protecci\u00f3n de datos de los que son titulares los interesados son:<\/p>\n\n\n\n<p>Derecho a solicitar el acceso a los datos personales relativos al interesado<\/p>\n\n\n\n<p>Derecho de rectificaci\u00f3n o supresi\u00f3n<\/p>\n\n\n\n<p>Derecho de oposici\u00f3n<\/p>\n\n\n\n<p>Derecho a solicitar la limitaci\u00f3n de su tratamiento<\/p>\n\n\n\n<p>Derecho a la portabilidad de los datos<\/p>\n\n\n\n<p>Los titulares de los datos personales obtenidos, podr\u00e1n ejercer sus derechos de protecci\u00f3n de datos personales dirigiendo una comunicaci\u00f3n por escrito al domicilio social de  Heredia 3G S.A. o al correo electr\u00f3nico habilitado a tal efecto,&nbsp;<a href=\"mailto:protecciondedatos@europapress.es\">protecciondedatos@europapress.es<\/a>, incluyendo en ambos casos fotocopia de su DNI u otro documento de identificaci\u00f3n equivalente.<\/p>\n\n\n\n<p>Modelos, formularios y m\u00e1s informaci\u00f3n disponible sobre sus derechos en la p\u00e1gina web de la autoridad de control nacional, Agencia Espa\u00f1ola de Protecci\u00f3n de Datos, en adelante, AEPD,&nbsp;<a href=\"http:\/\/www.agpd.es\/\">www.agpd.es<\/a>.<\/p>\n\n\n\n<h2 class=\"wp-block-heading\">\u00bfPuedo retirar el consentimiento?<\/h2>\n\n\n\n<p>Usted tiene la posibilidad y el derecho a retirar el consentimiento para cualquiera de las finalidades otorgadas en su momento, sin que ello afecte a la licitud de los tratamientos basados en el consentimiento previo a su retirada.<\/p>\n\n\n\n<h2 class=\"wp-block-heading\">\u00bfD\u00f3nde puedo reclamar en caso de que considere que no se tratan mis datos correctamente?<\/h2>\n\n\n\n<p>Si alg\u00fan interesado considera que sus datos no son tratados correctamente por  Heredia 3G S.A  puede dirigir sus reclamaciones al correo&nbsp;<a href=\"mailto:protecciondedatos@europapress.es\">protecciondedatos@europapress.es<\/a>&nbsp;o a la autoridad de protecci\u00f3n de datos que corresponda, siendo la AEPD la indicada en el territorio nacional,&nbsp;<a href=\"http:\/\/www.agpd.es\/\">www.agpd.es<\/a><\/p>\n\n\n\n<p>Seguridad y actualizaci\u00f3n de sus datos personales<\/p>\n\n\n\n<p>Con el objetivo de salvaguardar la seguridad de sus datos personales, le informamos que  Heredia 3G S.A. ha adoptado todas las medidas de \u00edndole t\u00e9cnica y organizativa necesarias para garantizar la seguridad de los datos personales suministrados. Todo ello para evitar su alteraci\u00f3n, p\u00e9rdida, y\/o tratamientos o accesos no autorizados, tal como exige la normativa, si bien la seguridad absoluta no existe.<\/p>\n\n\n\n<p>Es importante que, para que podamos mantener sus datos personales actualizados, nos informe siempre que se produzca una modificaci\u00f3n de los mismos.<\/p>\n\n\n\n<p><strong>Heredia 3G S.A le informa que sus datos ser\u00e1n tratados con el m\u00e1ximo celo y confidencialidad por todo el personal que intervenga en cualquiera de las fases del tratamiento. No cederemos ni comunicaremos a ning\u00fan tercero sus datos, excepto en los casos legalmente previstos, o salvo que el interesado nos hubiera autorizado expresamente.<\/strong><\/p>\n","protected":false},"excerpt":{"rendered":"<p>POL\u00cdTICA DE PRIVACIDAD Siguiendo los principios de licitud, lealtad y transparencia, ponemos a su disposici\u00f3n la presente Pol\u00edtica de Privacidad. \u00bfQui\u00e9n es el Responsable del tratamiento de sus datos? Heredia 3G S.A DOMICILIO SOCIAL: PASEO DE LA CASTELLANA, 210, 28046, MADRID Email:&nbsp;protecciondedatos@europapress.es Tel\u00e9fono: +34 91 359 26 00 \u00bfCon qu\u00e9 finalidad tratamos sus datos personales? [&hellip;]<\/p>\n","protected":false},"author":1,"featured_media":0,"parent":0,"menu_order":0,"comment_status":"closed","ping_status":"closed","template":"","meta":{"footnotes":""},"class_list":["post-51831","page","type-page","status-publish","hentry"],"_links":{"self":[{"href":"https:\/\/webciudadana.net\/index.php?rest_route=\/wp\/v2\/pages\/51831","targetHints":{"allow":["GET"]}}],"collection":[{"href":"https:\/\/webciudadana.net\/index.php?rest_route=\/wp\/v2\/pages"}],"about":[{"href":"https:\/\/webciudadana.net\/index.php?rest_route=\/wp\/v2\/types\/page"}],"author":[{"embeddable":true,"href":"https:\/\/webciudadana.net\/index.php?rest_route=\/wp\/v2\/users\/1"}],"replies":[{"embeddable":true,"href":"https:\/\/webciudadana.net\/index.php?rest_route=%2Fwp%2Fv2%2Fcomments&post=51831"}],"version-history":[{"count":1,"href":"https:\/\/webciudadana.net\/index.php?rest_route=\/wp\/v2\/pages\/51831\/revisions"}],"predecessor-version":[{"id":51832,"href":"https:\/\/webciudadana.net\/index.php?rest_route=\/wp\/v2\/pages\/51831\/revisions\/51832"}],"wp:attachment":[{"href":"https:\/\/webciudadana.net\/index.php?rest_route=%2Fwp%2Fv2%2Fmedia&parent=51831"}],"curies":[{"name":"wp","href":"https:\/\/api.w.org\/{rel}","templated":true}]}}